 - 2. What is a(t)?
-6
Let s(r) = -r**2 - 6*r + 4. Let d(p) = -p - 20. Let m be d(-22). Let y(w) = -6*w**2 - 31*w + 21. Let t(l) = m*y(l) - 11*s(l). Give t(6).
-14
Let q(y) = 1 - 4 - 6*y - 3 + 4*y. Let g be 3*(3/(-3) - -2). Let j(a) = -a**3 + 2*a**2 + 4. Let r be j(g). Determine q(r).
4
Let l be 1/1 + (-7 - -9 - -1). Let y(n) = n + 4 - n**2 - 2 - 1. Give y(l).
-11
Let y be (-44)/(-7) - 2*3/21. Let w(h) = -2*h + 10. Calculate w(y).
-2
Let y(l) = -7*l**2 - 46*l - 47. Let g(v) = 4*v**2 + 24*v + 24. Let m(x) = 5*g(x) + 3*y(x). What is m(-14)?
35
Let b(d) = 6*d + 48. Let x be (4 - 0) + (-51 - -40). What is b(x)?
6
Let q(r) = r**2 - 10*r + 6. Suppose 23*f - 31 - 153 = 0. Determine q(f).
-10
Let s(u) be the first derivative of -u**5/12 + u**4/12 + u**3/6 + 3*u**2 + 2. Let v(g) be the second derivative of s(g). What is v(2)?
-15
Let u(d) be the second derivative of 19*d**5/10 - d**4/6 + d**2/2 - 119*d. What is u(-1)?
-39
Let s(q) = 6*q - 20. Suppose 27 = -13*b + 79. Determine s(b).
4
Suppose -2*j + 20 = 26. Let o(h) = h**2 + 5*h + 3. Calculate o(j).
-3
Let n(i) be the third derivative of i**6/120 + 3*i**5/20 - 5*i**3/6 + i**2. Let x(v) = -v**3 - 45*v**2 - 86*v - 9. Let d be x(-43). Calculate n(d).
-5
Let x(q) = 2*q**3 - 3*q**2 + q + 1. Let i be x(2). Let l be 1*i - -2*1/(-2). Let t(y) = y**2 - 7*y + 8. Calculate t(l).
2
Suppose -4*z + 18 = 62. Let f(p) = -6*p**3 + 0 - 70 - 5*p + 10*p + 6*p**2 - 22*p**2. Let y(m) = -m**3 - 3*m**2 + m - 14. Let c(d) = z*y(d) + 2*f(d). Give c(0).
14
Let r = -25 - -31. Let k(h) = -h**3 + 6*h**2 - 3*h - 5. Let z be k(5). Let u(v) = 5 + 5*v - z - v**2 - 3. Give u(r).
-9
Suppose 10*k + 346 = 326. Let q(v) = -3*v - 7. Determine q(k).
-1
Let r(j) be the second derivative of -j**5/20 + 2*j**4/3 + 3*j**3/2 - 3*j**2/2 + 21*j + 9. Give r(9).
-3
Let l(i) be the first derivative of 1/2*i**2 - 9*i - 4 + 2/3*i**4 + 1/6*i**3. Let a(v) be the first derivative of l(v). Give a(-1).
8
Let i(s) = s**2 + 4*s - 5. Let n = 26 + -24. Let o be ((-8)/(-1))/((-4)/n). Give i(o).
-5
Let u = -1820 - -1800. Let h(y) = y**2 + 19*y - 18. Calculate h(u).
2
Let l(h) be the first derivative of -h**4/4 - 2*h**3 + 3*h**2 - 6*h - 4. Let v be (3/(-9))/(3/63). What is l(v)?
1
Let g be (220/(-33) + 10)/2. Let h(t) be the first derivative of -4*t**2 - g*t**3 + 1/4*t**4 - 2 + 9*t. What is h(6)?
-3
Let j(n) = 31*n**2 - 11*n + 3. Let d(z) = -11*z**2 + 4*z - 1. Let q(s) = 8*d(s) + 3*j(s). Suppose 2*y - 12 = -2*v, 4*y = 4*v + 3*y + 1. What is q(v)?
5
Let x(v) = v + 23. Suppose -108*c + 167 - 1355 = 0. What is x(c)?
12
Let i(w) = 2*w**2 + 0 + 2*w + 2 + 2*w**3 - 6*w**2. Let y(s) = 4*s + s**3 - 1 - 2*s + 2*s**2 - 3*s**2 + 5*s**2. Let j be y(-3). Determine i(j).
6
Let d(n) = 4*n + 20. Let o(z) = 11*z + 36. Let m(i) = -7*d(i) + 4*o(i). Give m(3).
52
Let l(j) = j**3 + 3*j**2. Suppose 4 = -5*i - 1. Let s = -4 - i. Determine l(s).
0
Let n(q) = -2*q**2 + 4*q - 7. Let y(v) = -3*v**2 + 8*v - 14. Let a = 2 + 3. Let f(b) = a*n(b) - 3*y(b). What is f(-5)?
2
Let d(z) be the second derivative of -z**5/10 - z**4/6 - z**3/2 + z**2 + 226*z. Determine d(-3).
47
Suppose -a + 15 = -0. Let o be (-2)/(-8) - 49/4. Let h = a + o. Let s(z) = -2*z + 3. Determine s(h).
-3
Let l(w) = -w**3 - w**2. Let g(r) = -11*r**3 - r. Let a(u) = -g(u) + 2*l(u). Suppose -5*t - p = -7, 5*t + 5*p + 4 = 19. Calculate a(t).
8
Suppose 5*f = 5*h - 10, 3*f - 4*h = f - 2. Let g(q) = 5*q**2 + 4*q - 8. Let x(m) = -7*m**2 - 5*m + 11. Let o(i) = -4*g(i) - 3*x(i). Calculate o(f).
11
Let z(a) be the first derivative of -3*a**2/2 - 13*a + 55. Determine z(-10).
17
Let s(n) = n**2 - 7*n + 1. Suppose -3*j = -2*j - 7. Let b be s(j). Let f(u) be the second derivative of u**3 + u**2/2 + 14*u. What is f(b)?
7
Let t(m) = 2*m. Let l(o) = o**2 - 7. Let g be l(3). Suppose n + 4*j = -8, 5*j + g = n + 1. Give t(n).
-8
Let s be 3/54 + (-80)/1440. Let t(n) be the third derivative of -5*n**2 - 1/12*n**5 - 1/3*n**3 + 1/120*n**6 - 1/6*n**4 + s + 0*n. Give t(6).
10
Let d(b) = -4*b**2 + 2*b**2 + 26 + 3*b**2 - 4*b**2 + 29*b. Let j(x) = -x**2 + 10*x + 9. Let s(r) = 3*d(r) - 8*j(r). Let w be 50/(2 + -7)*1/(-2). Calculate s(w).
16
Let p = -823 - -1376. Let a be 2/4 - p/(-14). Let f(d) = d + 3*d - d + a - 38. Give f(4).
14
Let x(s) = 47*s**2 + 20. Let m(w) = -28*w**2 - 11. Let o(g) = 5*m(g) + 3*x(g). Let d = 0 - 0. Give o(d).
5
Let p = -11 - -11. Suppose -3*d = 4*x - 22, -8 = -2*d - x - p*x. Let y(a) = -2*a**2 + 5 - a + 7*a**d + a**3 + 0*a**3. Calculate y(-5).
10
Let q(z) = -z**3 - 11*z**2 - 20*z - 12. Let m be q(-9). Let y(k) = 3*k**2 + 12*k - 1. Let v(o) = -2*o**2 - 6*o. Let s(a) = -5*v(a) - 3*y(a). Give s(m).
3
Let s = -6 - -4. Let g be ((-2)/4)/(s/40). Let i(k) = -k**3 - g*k**2 + 2*k**3 - 4 + 15*k**2 + 3*k. Calculate i(-3).
5
Let d be 0/1*(1 - 0). Suppose -5*x + 0*x = d. Suppose -20 = -x*l - 4*l. Let b(o) = o + 2. Determine b(l).
7
Let d(n) = n**2 - 6*n - 4. Let x(q) = q + 1. Let z(p) = d(p) + 2*x(p). Let a(c) = -c - 2. Let i be a(-2). Let y = 4 + i. Calculate z(y).
-2
Let w(m) = -3*m**3 + m**2. Suppose 48 = -14*l + 76. Give w(l).
-20
Let k(r) = 974 + 2*r - 1948 + 977. What is k(-5)?
-7
Let l(t) be the first derivative of -t**3/3 - 3*t**2/2 + 4*t - 100. Let a(g) = -g**3 + 4*g**2 - 2*g + 2. Let m be a(4). Determine l(m).
-14
Let d(n) be the first derivative of n**3/3 + 15*n**2/2 + 29*n + 309. What is d(-14)?
15
Suppose 0 = -2*q - 77 + 81. Let j(c) = -c**3 + 2*c**2 - 3*c + 2. Give j(q).
-4
Let o = -51 - -51. Suppose -g = -o*g + 4*g. Let k(d) = -d + 7. Calculate k(g).
7
Let d(w) = 10*w - 9*w - 9*w - 6 + 4. Determine d(-2).
14
Let b = 1 - -13. Suppose 4*c + 3*z = 0, -b = -2*c + 4*z - 9*z. Let d(r) be the third derivative of -r**5/60 - r**3/3 + 2*r**2 + 2*r + 262. What is d(c)?
-11
Let s be 3/(-15) + 6*10/(-75). Let u(p) = -20*p**2 - p - 1. Determine u(s).
-20
Suppose 0 = -3*c, -70 + 58 = -4*b - 4*c. Let r(y) = 2*y**3 - y**2 + y + 3. What is r(b)?
51
Let p(g) be the second derivative of 1/4*g**4 + 1/2*g**3 + 0 + 2*g - 1/20*g**5 + 3/2*g**2. What is p(-2)?
17
Let u(k) = k**3 + 2*k - 2. Let q be 63/(-42)*8/6. What is u(q)?
-14
Let z(i) be the third derivative of i**5/20 - i**4/8 - 5*i**3/6 + 32*i**2. Let h(y) be the first derivative of z(y). Let d = 5 + -2. What is h(d)?
15
Let z(y) = -y**3 - 5*y**2 + 2*y + 4. Let p be ((-14)/16)/(-7) - (-45)/24. Suppose 0 = p*q + 11 - 1. Determine z(q).
-6
Let z(x) be the second derivative of x**3 - 9*x**2 - 24*x. Let j(y) = -2*y + 6. Let q(s) = 17*j(s) + 6*z(s). What is q(4)?
2
Let r be -1 + (-58)/(-5) - (-12)/30. Let m(z) = -66 - 3*z + z**2 + r*z + 61. What is m(-10)?
15
Suppose -4*v = -5*v. Let h(z) = 10*z**3 + 10*z**2 + 44*z - 15. Let b(t) = -t**3 - t**2 - 4*t + 1. Let g(n) = 11*b(n) + h(n). Determine g(v).
-4
Let g(u) = -8*u**2 + 13*u - 61*u + u**3 + 20*u + 17*u + 3. Determine g(9).
-15
Let f(t) = 4*t**3 - 3*t**2 + 3*t - 2. Let i = -119 + 121. Determine f(i).
24
Let f(o) = 22 - 47 - o + 6 + 11 + 23. What is f(14)?
1
Let a(n) = -2*n + 5. Suppose 2*z - 6*z = -2*z. Suppose z = -u + 8*u - 35. Give a(u).
-5
Let x(q) = -q**3 + 5*q**2 - q - 2. Suppose 26*b - 34 = 44. Calculate x(b).
13
Suppose -5*y + 4*k + 65 = 0, 5*y - 4*k = -k + 70. Let x(i) = -i + y + 7*i - i**3 - 13 - 6*i**2. Determine x(-7).
11
Let s(m) = -16*m + 62. Let h be s(4). Let y(a) = -2*a**2 - 3*a - 4. Give y(h).
-6
Let l be (45/15)/((-1)/(-2)). Let b(c) = c**2 - 6*c - 4. Determine b(l).
-4
Let h(q) = 4*q**3 + 4*q**2 + q + 1. Let z(u) = 5*u**3 + 5*u**2 + 2*u + 2. Let n(g) = 4*h(g) - 3*z(g). Calculate n(-2).
-2
Let f(u) = u**3 + 0*u**3 + u - 3*u**2 + 3*u**2 - 5 - 4*u**2. Let i(r) = 2*r**2 + 1. Let w be i(1). Let o be (-2)/(-1 + w/6). Determine f(o).
-1
Let w(f) = -20*f - 8. Let q be w(-1). Let n(z) = -7 + 12 - 4 + q + z. Determine n(-9).
4
Suppose 5*c + 7 = -0*n - n, -4*n - c - 9 = 0. Let f(i) = -1 - 1 - i**2 + i + 0*i. Determine f(n).
-8
Let n = -46 - -48. Suppose 0 = p + n*p + 3, 5*i - 25 = 5*p. Let t(m) = m**2 - 7*m - 1. What is t(i)?
-13
Let a(o) = -o**3 - 2*o**2 + o - 2. Let u = 245 - 242. What is a(u)?
-44
Suppose 4*c + 32 - 6 = j, -4*j + 32 = -4*c. Let i = -21 - -56. Let y(o) = -i + 100 - 38 - 32 - o. What is y(c)?
1
Suppose 4*j = 4*b - 48, 5*j - 4*j - 15 = -2*b. Suppose b = -2*o - 1. Let l(p) = -2 + 5 + p + 7. Calculate l(o).
5
Let q(v) = -v + 5.